at is the remainder when 6152083 is divided by 229?
227
Calculate the remainder when 54813 is divided by 8621.
3087
What is the remainder when 446314 is divided by 27884?
170
What is the remainder when 8698 is divided by 145?
143
Calculate the remainder when 21978156 is divided by 12417.
66
Calculate the remainder when 94463 is divided by 30301.
3560
What is the remainder when 2335366 is divided by 7781?
1066
Calculate the remainder when 816049 is divided by 7771.
94
What is the remainder when 3868181 is divided by 620?
1
Calculate the remainder when 16239541 is divided by 24.
13
What is the remainder when 10036908 is divided by 209102?
12
What is the remainder when 2140910 is divided by 411?
11
Calculate the remainder when 14195269 is divided by 747119.
8
Calculate the remainder when 142936586 is divided by 47.
45
What is the remainder when 914507 is divided by 1762?
29
Calculate the remainder when 5072747 is divided by 11198.
53
Calculate the remainder when 72427 is divided by 35881.
665
Calculate the remainder when 90565 is divided by 1413.
133
Calculate the remainder when 220363 is divided by 4387.
1013
What is the remainder when 1221962 is divided by 2280?
2162
Calculate the remainder when 222093656 is divided by 68.
12
What is the remainder when 712258 is divided by 1615?
43
Calculate the remainder when 23259913 is divided by 199.
196
What is the remainder when 316794 is divided by 2200?
2194
Calculate the remainder when 975329 is divided by 90.
89
What is the remainder when 32413 is divided by 5338?
385
What is the remainder when 94836 is divided by 93769?
1067
What is the remainder when 149050028 is divided by 31?
13
Calculate the remainder when 1609622 is divided by 1887.
11
What is the remainder when 13202298 is divided by 886?
12
Calculate the remainder when 39273278 is divided by 592.
590
Calculate the remainder when 197907 is divided by 193659.
4248
What is the remainder when 2168562 is divided by 90?
12
What is the remainder when 1541068 is divided by 6189?
7
What is the remainder when 2022908 is divided by 77773?
810
What is the remainder when 4335 is divided by 411?
225
Calculate the remainder when 264035 is divided by 5058.
1019
What is the remainder when 4506484 is divided by 111?
106
Calculate the remainder when 5658349 is divided by 1065.
4
Calculate the remainder when 16298646 is divided by 16298644.
2
What is the remainder when 29929899 is divided by 9976627?
18
Calculate the remainder when 5682347 is divided by 284115.
47
Calculate the remainder when 3000953 is divided by 2706.
2705
Calculate the remainder when 71285 is divided by 1989.
1670
Calculate the remainder when 242413 is divided by 418.
391
Calculate the remainder when 413756 is divided by 137863.
167
Calculate the remainder when 1385125 is divided by 57713.
13
What is the remainder when 4130879 is divided by 3769?
55
Calculate the remainder when 24179 is divided by 3103.
2458
What is the remainder when 2734 is divided by 2733?
1
Calculate the remainder when 92976327 is divided by 46488148.
31
Calculate the remainder when 11607821 is divided by 2321564.
1
Calculate the remainder when 2748284 is divided by 10031.
9821
What is the remainder when 127213 is divided by 39942?
7387
What is the remainder when 34324 is divided by 3980?
2484
Calculate the remainder when 23810342 is divided by 2121.
2117
What is the remainder when 25736304 is divided by 46?
40
What is the remainder when 6542583 is divided by 6415?
5698
What is the remainder when 2476944 is divided by 331?
71
What is the remainder when 253507 is divided by 31662?
211
What is the remainder when 322857 is divided by 1515?
162
Calculate the remainder when 17794007 is divided by 482.
13
Calculate the remainder when 34295 is divided by 12576.
9143
Calculate the remainder when 11213141 is divided by 46.
43
Calculate the remainder when 2847122 is divided by 17.
13
Calculate the remainder when 254056 is divided by 11521.
594
Calculate the remainder when 576193 is divided by 393.
55
Calculate the remainder when 43285124 is divided by 24.
20
What is the remainder when 27703964 is divided by 1978854?
8
Calculate the remainder when 87572 is divided by 5151.
5
Calculate the remainder when 941127146 is divided by 25.
21
What is the remainder when 421289 is divided by 421271?
18
What is the remainder when 875628 is divided by 39799?
50
What is the remainder when 8667 is divided by 165?
87
Calculate the remainder when 475924 is divided by 12861.
67
Calculate the remainder when 4334325 is divided by 36.
33
Calculate the remainder when 1757873 is divided by 1396.
309
What is the remainder when 31917 is divided by 7614?
1461
What is the remainder when 25130 is divided by 1541?
474
Calculate the remainder when 1017902 is divided by 18.
2
What is the remainder when 25546225 is divided by 880903?
38
What is the remainder when 31867174 is divided by 34?
28
What is the remainder when 210178069 is divided by 3604?
3601
What is the remainder when 506288 is divided by 168658?
314
What is the remainder when 43552 is divided by 21237?
1078
What is the remainder when 22783 is divided by 2761?
695
Calculate the remainder when 12647894 is divided by 208.
38
What is the remainder when 7175278 is divided by 420?
418
Calculate the remainder when 52614671 is divided by 1895.
1891
What is the remainder when 5947955 is divided by 1982609?
128
Calculate the remainder when 81993068 is divided by 829.
823
Calculate the remainder when 365172 is divided by 3829.
1417
What is the remainder when 509136 is divided by 2303?
173
Calculate the remainder when 18694673 is divided by 150.
23
Calculate the remainder when 4134785 is divided by 6857.
14
Calculate the remainder when 221315 is divided by 1026.
725
What is the remainder when 161758469 is divided by 834?
833
What is the remainder when 6234549 is divided by 1983?
1980
Calculate the remainder when 118333 is divided by 2113.
5
Calculate the remainder when 1170176 is divided by 159.
95
Calculate the remainder when 2759124 is divided by 183941.
9
Calculate the remainder when 4400245 is divided by 7.
3
What is the remainder when 149755 is divided by 4974?
535
Calculate the remainder when 267853335 is divided by 152.
151
What is the remainder when 489465 is divided by 163151?
12
What is the remainder when 9448 is divided by 676?
660
Calculate the remainder when 1578739 is divided by 54.
49
Calculate the remainder when 263708 is divided by 10427.
3033
Calculate the remainder when 36467916 is divided by 236.
16
What is the remainder when 16658069 is divided by 123?
56
What is the remainder when 410238 is divided by 12064?
62
What is the remainder when 38467578 is divided by 10?
8
Calculate the remainder when 88486935 is divided by 2351.
2348
What is the remainder when 270071 is divided by 38404?
1243
What is the remainder when 167183 is divided by 80?
63
What is the remainder when 8644827 is divided by 1234963?
86
What is the remainder when 3200518 is divided by 125?
18
Calculate the remainder when 2652300 is divided by 419.
30
What is the remainder when 79707 is divided by 11384?
19
What is the remainder when 113992545 is divided by 3742?
3741
Calculate the remainder when 3427500 is divided by 351.
336
Calculate the remainder when 106530 is divided by 566.
122
Calculate the remainder when 27042652 is divided by 158144.
28
What is the remainder when 21510102 is divided by 146327?
33
Calculate the remainder when 2177857 is divided by 167496.
409
Calculate the remainder when 2505324 is divided by 1055.
754
Calculate the remainder when 2210866 is divided by 131.
110
What is the remainder when 68223 is divided by 1676?
1183
Calculate the remainder when 26287480 is divided by 113.
64
What is the remainder when 966320 is divided by 450?
170
Calculate the remainder when 307251 is divided by 12253.
926
What is the remainder when 132689 is divided by 1794?
1727
What is the remainder when 15998134 is divided by 152363?
19
Calculate the remainder when 67002799 is divided by 91409.
2
What is the remainder when 1715023 is divided by 39?
37
What is the remainder when 2424926 is divided by 559?
543
Calculate the remainder when 117338 is divided by 5087.
337
Calculate the remainder when 35964 is divided by 62.
4
What